(j) = j**2 + j + 1. Let a(s) = -4*b(s) + y(s). Let v = -12 + 6. Let d = -3 - v. Calculate a(d).
7
Let l = -2 + 5. Let v(c) = -c**2 - 7*c + 10. Let i(r) = -r + 1. Let b(f) = l*i(f) - v(f). What is b(-6)?
5
Let u(a) = -a - 10. Let z(y) = 3*y + 20. Let j(c) = -5*u(c) - 2*z(c). Give j(7).
3
Let f = 52 - 56. Let q(l) = l**3 + 3*l**2 - 4*l - 6. Give q(f).
-6
Let d(g) = -g**3 - g**2 - g - 3. Let v be d(-3). Suppose 4*z - z = -v. Let q(s) = -s**2 - 8*s - 9. Calculate q(z).
3
Let t(g) = -12*g - 1 + 3 + 6 + 1. Let d(b) = 6*b - 5. Let f(x) = 11*d(x) + 6*t(x). Suppose -c + 0*c + 1 = 0. What is f(c)?
-7
Suppose 41 = -5*l + 5*h - 4, 42 = -5*l + 2*h. Let y(m) = -m**3 - 7*m**2 + 9*m - 3. What is y(l)?
-11
Let r(s) = s**2 - 3*s - 4. Let o(y) = y**2 - 2*y - 3. Let f(z) = -3*o(z) + 2*r(z). Determine f(1).
0
Let n(k) = k - 3. Let a(j) = 1. Let f(q) = -q**3 - 4*q**2 + q - 1. Let w be f(-4). Let z(h) = w*a(h) - n(h). Let o be -5 + (2 - 0)/1. Give z(o).
1
Let k(q) be the first derivative of q**3/3 - 7*q**2/2 + 8*q - 41. Calculate k(6).
2
Let o = 10 + -8. Let x(a) = 5*a - 19*a**2 + 27*a**2 - 1 - 11*a**o - a**3. Calculate x(-4).
-5
Let r(q) = q**3 - 6*q**2 - 9*q + 13. Let o be r(7). Let j(v) = -2*v**3 - 2*v**2 - 2*v - 1. What is j(o)?
1
Let f be 4 + -2 + -11 + 4. Let w(n) = 2*n**2 + 7*n - 2. Give w(f).
13
Let a(v) = 7*v**3 + 11*v**2 + 5*v + 5. Let q(d) = -5*d**3 - 7*d**2 - 3*d - 3. Let c be (-1 + (-24)/(-9))*-3. Let j(b) = c*a(b) - 8*q(b). Determine j(-1).
-4
Suppose -2*k + 19 = -s, 3*k + s - 22 + 6 = 0. Let l(g) = -g**2 + 8*g - 6. Give l(k).
1
Suppose -j - 2 = 1. Let m = j + 1. Let w(f) = -f**3 - f**2 - 3*f - 3. What is w(m)?
7
Suppose -w + v = 3 - 0, 3*v = 2*w + 4. Let b(p) = -p - 4. Calculate b(w).
1
Suppose 5*b - 8 = -l, 2*b + 2 - 16 = 5*l. Let v(f) = f - 2. What is v(l)?
-4
Let v(n) = -n - 13. Let m be 3/5*5 - 9. What is v(m)?
-7
Let b(s) be the third derivative of s**6/120 - s**5/15 - s**4/6 + s**3/2 + 29*s**2. Calculate b(5).
8
Let k = 3 + -3. Let t be 1 + -2 - (-1 + -3). Let v(u) = t - 6*u**2 + u + 5*u**2 + k*u. Determine v(-3).
-9
Let q be ((-24)/(-15))/(-4)*5. Let h be (q/(-8))/(-1)*-4. Let o(l) = -3*l**3 - l**2 + l. Determine o(h).
-3
Let h(d) = -3*d**2 - 2*d + 3. Let s(i) = 16*i**2 + 11*i - 16. Let p(f) = -11*h(f) - 2*s(f). Give p(-3).
8
Let k(y) be the second derivative of y**4/12 - y**3/3 + 3*y**2/2 - 3*y. Let r(v) be the first derivative of k(v). Give r(-2).
-6
Let w(z) = -5*z**2 - 2 + 5*z**2 - z**2 + 3*z. Let m be (-8 - -7)*8/(-2). What is w(m)?
-6
Let g(m) = -m**3 + 4*m**2 + 2*m - 4. Let y(k) = k - 5 + 2*k - k**3 + 3*k**2 + 2*k**2. Let x(r) = -3*g(r) + 2*y(r). Determine x(2).
2
Let b be 10/(-25) - (-34)/10. Suppose 4*s - 40 = -5*x - 3, -b*x = -2*s - 9. Let n(t) = -t**2 + 2*t + 4. Determine n(s).
1
Let y(q) = 7*q**2 + q. Let a be (9/(-4))/(15/40). Let m = -5 - a. Give y(m).
8
Suppose 24 = 5*k - 3*k. Suppose 0 = -u - 2*u - k. Let g(p) = 2*p + 5. Give g(u).
-3
Suppose 5*o + 3*m = 34, 3*m = -3*o + 8 + 10. Suppose o*v = 5*v + 6. Suppose d = h, 0 = -5*d + 4*h - v + 1. Let t(q) = -8*q. Give t(d).
8
Let b = -46 - -50. Let u be -1 + 2 - (-3 + -1). Let y(n) = n**2 + b*n - 2*n**2 - 2*n - u*n. Calculate y(-4).
-4
Let s = 4 + -3. Let j(z) = 4*z**3. Let d be j(1). Let v(c) = c + d*c**2 - c**3 - 3*c**2 + 0*c**2 - 1. What is v(s)?
0
Let b(p) = 38*p**2 - 4 + 19*p - 15*p**2 - 21*p**2. Let w(v) = v**2 + 9*v - 2. Let j(t) = 3*b(t) - 7*w(t). What is j(-5)?
7
Let p(i) = i. Let c be p(0). Let w = 1 + c. Let m be -2 - (-2 - -3*w). Let u(b) = -b**2 - 3*b - 4. What is u(m)?
-4
Let s(v) = v**3 + v**2 - 4*v. Suppose -4*k - 16 = -o - 1, 0 = -2*o - 3*k - 25. Let c(l) = -l. Let m(w) = o*c(w) + s(w). Give m(2).
14
Let r(n) = 4*n - 3*n + 0*n + 2*n + 2. Let c = 2 - 1. Suppose -7 = 4*i + c. Determine r(i).
-4
Let b = -14 - -16. Let n(t) = t**3 - 6*t**2 + 3*t. What is n(b)?
-10
Let d(x) = -x**3 - 5*x**2 - 4*x + 2. Let j be (-1)/(4*3/12). Let z be 1/(4/16)*j. What is d(z)?
2
Let c(a) = a**3 - 3*a**2 - 3*a + 3. Suppose 0 = 2*s + 4, q - 9 = 2*s + s. Let n be (-1 - (-4 + 3))/(-2). Let h = n + q. Give c(h).
-6
Let v(c) = 2*c**2 - 5*c - 8. Let d(g) = g**2 - 4*g - 8. Let j(u) = 4*d(u) - 3*v(u). Let m(a) be the first derivative of j(a). Determine m(-1).
3
Suppose 4*z + 5 - 25 = 0. Let m(u) be the third derivative of 0 - 5/24*u**4 + 1/60*u**5 + 2*u**2 + 0*u + 5/6*u**3. What is m(z)?
5
Suppose 4*s = 12 + 4. Let b(q) = -6*q + 4. Suppose -4*m + 65 = 21. Let u(o) = o - 1. Let x(y) = m*u(y) + 2*b(y). Give x(s).
-7
Let b(a) = -7*a**2 + 10*a**2 - 6*a - 2*a**2. Give b(6).
0
Let o(q) = -7. Let z(a) = -a + 1. Let i(c) = -o(c) - z(c). Give i(-5).
1
Let v(j) = -4*j + 6. Let q be 2 - 0 - (-5)/(-15)*-6. Give v(q).
-10
Let p be 6/4 - (-12)/8. Let w = p + -5. Let s(i) = i**2 - 1. Determine s(w).
3
Let n(l) = l + 1. Let f(u) = -2*u - 7. Let g(t) = -f(t) - 3*n(t). Let v = -109 - -105. Give g(v).
8
Let o(k) = k - 1. Let i(h) = 5 + 0 + h - 3. Let p be i(4). Determine o(p).
5
Let i(x) = x**2 + 4*x - 1. Let a be i(-2). Let f(u) = -2*u - 1. Let h(g) = -g - 1. Let q(w) = 3*f(w) - 5*h(w). Calculate q(a).
7
Suppose 9*l = 5*l - 8. Let m(q) = 2*q**2. Give m(l).
8
Suppose 0 = -o - o - 5*t + 33, t = 2*o - 3. Let i(p) be the second derivative of 0 + 1/2*p**2 - 1/12*p**4 + 1/6*p**3 - o*p. What is i(0)?
1
Let n(d) = 5*d**2 - d**3 + d - 5 + 7 + 7*d. Let l(p) = p**2 + p. Let t(j) = -3*l(j) + n(j). Calculate t(4).
-10
Let b(g) = -14*g**2 + g + 9. Let p(n) = -5*n**2 + 3. Let r(h) = 6*b(h) - 17*p(h). Calculate r(-2).
-5
Let x(s) = 8*s**2 + s. Suppose 5*o - 17 - 6 = -4*n, -4*o = -3*n - 6. Suppose -u - 4 = o*u. Determine x(u).
7
Let h(w) = 7*w - 2*w**3 - w + 3*w**2 - 5*w + 3*w**3. What is h(-3)?
-3
Let q(u) = -u**2 + 9*u - 11. Suppose 26 = 4*h + 2*j, -h - 47 = -5*h + 5*j. Give q(h).
-3
Let d(q) be the third derivative of q**4/8 - q**3/2 - q**2. Let l be -2 - (-51*1)/3. Let z = l + -11. Determine d(z).
9
Let n(s) = -s**2. Let i(p) = -2*p**2 + 2*p. Let h(u) = i(u) - 3*n(u). Let x(r) = 1. Let m(w) = -h(w) + 3*x(w). What is m(-3)?
0
Let m(z) = -2*z**2 - 5*z + 1. Suppose -5*i = 5*n, 9*i - 3*n = 4*i - 40. Give m(i).
-24
Let c(v) = -v**3 + 5*v**2 - 5. Let u be c(5). Let m(g) be the third derivative of -2*g**2 + 0*g + 0 - 1/12*g**4 - 2/3*g**3. Give m(u).
6
Let o(z) = z**3 - 4*z**2 - 7*z + 4. Let b(d) = -6*d - 25. Let k be b(-5). Calculate o(k).
-6
Let g(v) = v**2 - 3*v - 4*v + 3*v - 3. Let n = -25 - -37. Suppose 4*z = z + n. What is g(z)?
-3
Let r(w) = w - 8. Let m(j) = -5*j + 9. Let x(f) = -4*f + 9. Let i(q) = 3*m(q) - 4*x(q). Let k(y) = -6*i(y) + 7*r(y). Calculate k(1).
-1
Let h(p) be the third derivative of p**5/60 - p**4/8 + p**3/3 - p**2. Suppose 2*f - 3*w - 2*w = 33, 5*w + 17 = -2*f. What is h(f)?
6
Let v(q) = -6*q - 4. Let s(g) = -13*g**3 + g**2 - g - 1. Let r be s(-1). Let h be (-38)/r - 8/28. Calculate v(h).
14
Let g(m) = -m. Let p(o) = o**2 - 7*o + 5. Let q(w) = -3*g(w) + p(w). What is q(4)?
5
Let n(y) = y**2 - 5*y + 6. Suppose -3*z = 5*u - 10, 0 = -4*z - 3*u + 17 - 0. Determine n(z).
6
Let b = -51 + 58. Let u(v) = v**2 - 9*v + 10. What is u(b)?
-4
Let h(j) = -9*j - 5. Let c(b) = -4*b - 3. Let q(d) = -7*c(d) + 3*h(d). Calculate q(10).
16
Let h(z) = -9*z - 6*z + 3 + 10*z. Calculate h(2).
-7
Let b be 0*(-5)/(0 + -25). Let u(q) = -q**3 - q**2 + q - 3. Give u(b).
-3
Let g(q) = 2*q + 3. Suppose 0*m = 3*m + 6. What is g(m)?
-1
Let i be (0 - 1)/(0 + -1). Let p = -2 - -4. Let q(j) = -1 + i - p - j. Determine q(-3).
1
Suppose 4*o - 16 = -c, 2 = -2*c - 2*o + 16. Let f(b) = b**2 + 4*b - 6. Let h = -1 - 0. Let k(g) = g**2. Let a(d) = h*f(d) + 2*k(d). Determine a(c).
6
Suppose -3*t + 3 = 0, -2*i - i - 3*t - 12 = 0. Let n(d) be the second derivative of 3*d**2 + d + 0 + 1/3*d**3. Determine n(i).
-4
Let c(y) be the second derivative of -1/40*y**5 + 1/180*y**6 + 3*y + 1/12*y**4 + 0 + 0*y**2 - 1/2*y**3. Let s(m) be the second derivative of c(m). Give s(2).
4
Let s(q) = q**2 + 7*q + 2. Let z be s(-6). Let t(x) be the second derivative of -1/3*x**3 + 0 - 3/2*x**2 + 2*x. Give t(z).
5
Let d(l) = 3*l + 5. Let u(i) = -i**2 - 5*i + 1. Let q be u(-5). Let w be 1*(q - -8) - -1. Let v = w + -14. Calculate d(v).
-7
Let g(i) = -34*i**2 + 1 + 7*i + 27*i**2 + i**3 - 2*i. Determine g(6).
-5
Let s(j) = j**2 - 5*j + 4. Let m be s(5). Let c(x) = -4 + 7 + 299*x - 